 to base 4.
1132210330
Convert 1422012 (base 5) to base 12.
15194
Convert -120012121 (base 4) to base 3.
-12000102001
What is 3112000 (base 4) in base 16?
3580
What is -34253543 (base 6) in base 8?
-4001347
11523a (base 13) to base 4
1210121122
Convert 2523055 (base 8) to base 12.
297a65
-c150 (base 15) to base 3
-2001222010
Convert 3291340 (base 11) to base 8.
26006064
What is -111010100010000110 (base 2) in base 15?
-4b085
Convert -314124041 (base 5) to base 3.
-2110221010110
What is 82a6b (base 14) in base 11?
1a5627
Convert -10112042 (base 6) to base 5.
-33230331
64479 (base 14) to base 4
323022323
What is -100131333230 (base 4) in base 3?
-22010100000222
Convert 124043404 (base 5) to base 6.
21042550
-275148 (base 10) to base 13
-98313
15114213 (base 8) to base 7
41204224
Convert 735051 (base 11) to base 2.
100011111100110000111
323212233201 (base 4) to base 16
ee6be1
Convert 146438 (base 15) to base 13.
285605
Convert -a4868b (base 12) to base 4.
-21313113023
What is 1667736 (base 10) in base 14?
315ac0
What is 101012011001021 (base 3) in base 5?
2341301100
What is 2104354 (base 7) in base 4?
331323133
What is 14170 (base 12) in base 10?
27876
Convert 513b10 (base 12) to base 13.
356a93
-1234332 (base 6) to base 13
-246c8
-1100100101100001110 (base 2) to base 14
-aa434
Convert -10314340 (base 5) to base 15.
-1b44a
What is 2057140 (base 11) in base 5?
1412011214
What is 626007 (base 8) in base 5?
23123004
What is 503554 (base 12) in base 4?
10301031100
d7a5a (base 14) to base 11
3261a4
-95e6 (base 15) to base 3
-1121111200
Convert -12701321 (base 10) to base 7.
-212650043
b792c8 (base 13) to base 2
10000011010111000101001
What is 11253133 (base 6) in base 14?
91441
What is -21cb11 (base 16) in base 9?
-4144857
What is -9062a9 (base 13) in base 10?
-3355296
What is 170138 (base 10) in base 15?
35628
456055a (base 11) to base 6
443012303
-5503222 (base 6) to base 15
-55cce
Convert 126050 (base 7) to base 3.
1012111212
What is 3016050 (base 7) in base 9?
604276
501493 (base 13) to base 16
1c5f82
Convert -10200112133 (base 4) to base 6.
-41151555
Convert -411313 (base 5) to base 16.
-3415
5373238 (base 11) to base 15
c694d1
What is 110000332232 (base 4) in base 13?
1119293
98860 (base 10) to base 12
49264
-1000101111111011000011 (base 2) to base 5
-1041342233
What is 12212 (base 11) in base 12?
a1b2
Convert -1222021112 (base 3) to base 12.
-1a588
What is -14227 (base 12) in base 11?
-1a015
-23031232 (base 5) to base 3
-101102110201
9b51c (base 14) to base 8
1340146
Convert -5114701 (base 8) to base 4.
-11021213001
What is 31e61e (base 15) in base 16?
2446a3
Convert 47e5b0 (base 15) to base 5.
1340043130
Convert -3231514 (base 7) to base 12.
-170277
Convert 134322114 (base 5) to base 2.
10101010100000101001
What is -c91a (base 15) in base 12?
-2075a
What is 256623a (base 11) in base 12?
15a4066
What is -1562122 (base 8) in base 14?
-ba85c
Convert 126035 (base 8) to base 15.
d0c6
Convert -6557733 (base 11) to base 7.
-166621152
Convert -46043366 (base 7) to base 5.
-2011322034
Convert 1030200220 (base 4) to base 12.
131434
461a80 (base 11) to base 9
1338710
What is 2bdb4 (base 14) in base 15?
2279c
-8ca1a6 (base 15) to base 2
-11001100111110011010111
2095536 (base 12) to base 9
12540806
Convert -5f688a (base 16) to base 3.
-102202200001211
10111332 (base 6) to base 10
289352
What is -72db7b (base 14) in base 11?
-220a832
Convert -225625 (base 10) to base 15.
-46cba
-53245324 (base 6) to base 14
-2c9140
-120311033 (base 4) to base 16
-18d4f
Convert 1510a9 (base 11) to base 9.
388285
Convert 14385a (base 15) to base 10.
973885
Convert -230269 (base 11) to base 12.
-158006
3023032 (base 7) to base 8
1274621
Convert -110101010001100000 (base 2) to base 3.
-102002022210
Convert -110011100010110 (base 2) to base 14.
-9890
4011397 (base 10) to base 8
17232605
What is -b486 (base 16) in base 10?
-46214
-12021212120 (base 3) to base 14
-29d58
What is 19a4dd (base 16) in base 12?
6906a5
Convert -2129c8b (base 13) to base 15.
-d48b69
What is -5343662 (base 7) in base 2?
-10011110100110100101
-1124666 (base 7) to base 8
-423254
-232452 (base 9) to base 7
-1121012
What is -430402004 (base 5) in base 12?
-7332a5
What is -367b7 (base 12) in base 8?
-217773
29383 (base 11) to base 9
63200
Convert -39208 (base 12) to base 16.
-130e8
What is 100101101010001000100 (base 2) in base 5?
303441423
Convert -165630 (base 14) to base 3.
-1110210102120
Convert 1010110111110001111 (base 2) to base 9.
602601
933d1 (base 14) to base 16
569bb
31757 (base 9) to base 8
51047
-12441243 (base 5) to base 11
-85659
Convert -2283593 (base 13) to base 12.
-3688b08
-2cb78 (base 14) to base 15
-232d2
What is -2377885 (base 9) in base 3?
-2102121222212
101101135 (base 6) to base 7
20512223
-a5443 (base 11) to base 12
-74a78
What is 334a5f (base 16) in base 7?
40366633
3967a90 (base 11) to base 16
68b716
2042141 (base 5) to base 6
421342
What is -213354244 (base 6) in base 5?
-1433404113
What is -21243403 (base 6) in base 11?
-399963
100111101111010100011 (base 2) to base 8
4757243
Convert -24b9b (base 14) to base 4.
-111333311
Convert bbdb1 (base 14) to base 8.
1571447
What is -4154012 (base 6) in base 5?
-22424002
Convert 11004044 (base 5) to base 15.
1cdee
Convert 71907 (base 10) to base 16.
118e3
What is -6268138 (base 10) in base 3?
-102210110021021
Convert 16502871 (base 10) to base 12.
563a333
What is -108971a (base 11) in base 2?
-111010000001111100000
What is -20e21 (base 15) in base 16?
-197ef
-10262375 (base 9) to base 15
-679552
What is -a7955 (base 15) in base 4?
-2001320030
What is -eee0 (base 16) in base 4?
-32323200
-1224044 (base 9) to base 3
-1020211001111
What is -5714427 (base 8) in base 5?
-343442034
What is dae9 (base 15) in base 10?
46344
-325624 (base 12) to base 9
-1444861
Convert -194a167 (base 11) to base 9.
-6168236
1454043 (base 6) to base 7
503124
Convert -2118c (base 14) to base 3.
-11001121010
253711a (base 11) to base 4
100302221133
Convert 1898963 (base 10) to base 11.
10877a0
What is -3500 (base 15) in base 8?
-25762
Convert -103101545 (base 6) to base 8.
-6761711
Convert -101000011110111 (base 2) to base 5.
-1130402
-2014132402 (base 5) to base 14
-776a8b
428878 (base 9) to base 11
165269
-61447 (base 8) to base 10
-25383
What is 10100011111111011010 (base 2) in base 4?
2203333122
226c9 (base 16) to base 12
69721
Convert -33022 (base 8) to base 4.
-3120102
What is -35131213 (base 6) in base 12?
-443b09
What is 10161105 (base 8) in base 7?
24214011
What is -a6740 (base 12) in base 16?
-356a0
3322133101 (base 4) to base 7
11502154
30a9567 (base 11) to base 7
64345312
Convert -14774046 (base 8) to base 12.
-1182b9a
What is -114011324 (base 5) in base 16?
-81e79
What is -1000000111110111001101 (base 2) in base 8?
-10076715
What is -2352151 (base 8) in base 13?
-1972ac
733117 (base 8) to base 5
30241104
What is 504276 (base 8) in base 9?
272731
Convert -d2b5ea (base 15) to base 16.
-98c3cb
Convert 100010110011010 (base 2) to base 12.
a38a
-14038 (base 10) to base 4
-3123112
What is 101010111010011011101100 (base 2) in base 16?
aba6ec
What is 1010111011011011 (base 2) in base 4?
22323123
12112023 (base 5) to base 10
113388
What is -6028058 (base 11) in base 14?
-15ba371
What is 2030011120 (base 4) in base 3?
1002011002021
Convert 5bc2f9 (base 16) to base 15.
7dbc79
Convert 957971 (base 10) to base 4.
3221320103
What is 180ab9 (base 13) in base 7?
5054001
What is -425444 (base 7) in base 4?
-102003311
What is 16164531 (base 7) in base 9?
2841046
What is -675472 (base 13) in base 12?
-997867
Convert 120002100 (base 4) to base 10.
98448
What is 100101120120121 (base 3) in base 16?
4c28b3
What is 7347284 (base 9) in base 11?
2243864
2301114101 (base 5) to base 4
103130220222
110100100110001110 (base 2) to base 16
3498e
What is 1046734 (base 8) in base 16?
44ddc
Convert -2210133 (base 4) to base 13.
-4a3a
Convert 1011072 (base 9) to base 15.
a999b
-76707533 (base 8) to base 9
-34016768
Convert 15543601 (base 8) to base 10.
3590017
Convert -66372 (base 9) to base 7.
-242264
Convert 346423 (base 10) to base 8.
1244467
What is 537216 (base 10) in base 14?
ddac8
What is 2b63446 (base 13) in base 12?
47b1670
101010000010100101101 (base 2) to base 8
5202455
14381